 600*z = 572*z + 2016. Calculate the highest common factor of z and 52.
4
Let n(m) = -9*m + 286. Let b be n(22). What is the highest common factor of b and 154?
22
Suppose b + 2 = 6. Suppose 2*y + 5*k = 4*k + 20, 0 = k + b. Calculate the greatest common factor of 60 and y.
12
Suppose -t + 1 = -8. Let d(n) = 3*n**2 - 13*n - 12. Let w be d(5). Let a be ((-6)/(-7))/(w/(-7)). Calculate the highest common factor of t and a.
3
Suppose 34*m + 36 = 46*m. Suppose 34 = 2*j + l, 76 = 4*j + 2*l + 2*l. Calculate the highest common divisor of j and m.
3
Suppose 0 = 23*v + 4488 - 13412. What is the highest common factor of 485 and v?
97
Let i(r) = -r**3 - 11*r**2 - 14*r + 45. Let z be i(-9). Suppose 0 = m - 0*m - 9. Calculate the highest common divisor of z and m.
9
Let b be (92/8 - 12)*1*-12. Calculate the highest common divisor of 486 and b.
6
Let v be (-155)/(-3) - 12/(-36). Calculate the highest common divisor of v and 468.
52
Let d(v) = 6*v + 38. Let g be d(-6). Suppose 10 = 4*i + g, 0 = 5*r - 3*i - 714. Calculate the highest common factor of r and 16.
16
Let s(h) = 67*h + 36. Let y be s(8). Suppose -52*w + 50*w = -y. Let n be (78/(-4))/((-3)/4). What is the highest common factor of w and n?
26
Let m be (-2)/(-4)*-4 - -23. Suppose 8 = 3*r - r. Suppose -713 = -3*g + r*q, -2*g + 452 = -0*g + 2*q. Calculate the highest common factor of m and g.
21
Suppose 5*s - 17 = 18. Suppose c = 2*c - s. Let f = 12 - c. Calculate the greatest common factor of f and 5.
5
Let g(u) = u**2 + 7*u - 6. Let y be g(-13). Suppose -4*v + 2*v = -y. Suppose 3*n - 6*n + 270 = 0. Calculate the greatest common divisor of n and v.
18
Let h(f) = -1 + 14*f - 6*f - 7*f. Let w be h(19). What is the highest common divisor of w and 45?
9
Let b = 8 + 9. Let k = b + -42. Let q = -8 - k. What is the greatest common divisor of 153 and q?
17
Let q = 1534 - 334. Suppose -3*s - 2*s + q = 0. Suppose 2*t + 2*r = 64, -5 + 105 = 3*t + 5*r. What is the greatest common factor of s and t?
30
Let l = 242 + 129. Calculate the greatest common factor of 14 and l.
7
Suppose -2*k = -h - 13, -4*k - 5*h = -8*h - 19. Let i = -19 - -44. Calculate the greatest common divisor of i and k.
5
Let d(r) = 76*r - 331. Let t be d(6). What is the greatest common divisor of 5 and t?
5
Let k be 1049 + (-3)/(-5)*300/36. What is the highest common divisor of k and 62?
62
Let n(l) = -12*l - 6. Let m be n(-11). Let r = -45 + m. Calculate the greatest common factor of r and 54.
27
Let y(d) = -d**2 - d. Let i be y(-1). Suppose 0 = -3*s + 5*w + 121, i = 3*s - 2*w + 7*w - 71. Let g = 53 - s. Calculate the highest common factor of 168 and g.
21
Suppose 121 = -3*q + 325. Calculate the highest common factor of 1020 and q.
68
Suppose d + 0*d = 2*l + 100, -d = 4*l - 130. Let r = 14 - 27. Let t be r/13 - 24/(-2). Calculate the greatest common factor of d and t.
11
Let y(u) = -u**2 + 2*u. Let m be y(3). Let d = 4 - m. Suppose -41 + 769 = d*k. What is the highest common divisor of k and 13?
13
Suppose 3*u + 26 - 101 = 0. Suppose w - 6*w = -u. Suppose 9 - 34 = -w*c. Calculate the highest common factor of c and 50.
5
Let q(k) = -3*k - 3. Let h be (1*-4)/(-12)*15. Let y be q(h). Let o be (y*(-6 - -1))/1. What is the greatest common divisor of 36 and o?
18
Let o(d) = d**2 - 5*d - 12. Let a be o(11). Let m(h) = h**2 - 7*h - 7. Let f be m(7). Let j = 2 - f. What is the highest common factor of a and j?
9
Suppose 3736*b = 3747*b - 7007. Calculate the highest common divisor of 49 and b.
49
Suppose 4*w - 3 = -5*p + 22, 4*w = p + 19. Let o(k) = k**2 - k + 10. Let l be o(w). Calculate the highest common factor of l and 10.
10
Let f(k) = -k**2 - 14*k + 9. Let d be f(-14). Suppose 0 = 5*s + 3*l - 360, -4*l = -s - d*l + 94. What is the highest common divisor of s and 23?
23
Let v be 1690/(-16) - 3/8. Let z = v - -112. What is the highest common divisor of z and 24?
6
Suppose -3*u = 5*i - 61, 26 - 7 = 2*i + 3*u. Suppose -2263 = -34*l + 117. Calculate the greatest common factor of l and i.
14
Let o(s) = 22*s - 20. Let n be o(5). Suppose -77*i = -79*i + 30. What is the greatest common divisor of n and i?
15
Let u = 134 - 87. Let v = -23 + u. Calculate the highest common factor of v and 8.
8
Suppose 5*q + 15 = 0, -3*h + q + 80 = -88. Let s(n) = -3*n - 4. Let a be s(-5). Calculate the greatest common factor of a and h.
11
Let g be ((-14)/(-8))/(1/4). Suppose -4*n + 9 + 11 = 0. Suppose 0 = 5*z - 5, 2*s + n*z - 16 - 87 = 0. What is the highest common factor of g and s?
7
Suppose -4*s = 3*n - 320, 2*s = -4*n - 74 + 234. Suppose 0 = -4*y + 2*y - 38. Let d be 3/(-3) - (y - -2). Calculate the highest common factor of d and s.
16
Let u = 15 + -3. Let i = u - -2. Let p be 230/14 + (-6)/i. Calculate the greatest common divisor of 2 and p.
2
Suppose 241 - 57 = 8*m. Let p = 31 - m. Calculate the highest common divisor of p and 1.
1
Let o(k) = -5*k - 186. Let i be o(-47). Calculate the greatest common factor of i and 21.
7
Let z = -9 - -149. Calculate the greatest common factor of z and 60.
20
Let k(o) = 34*o - 9. Let w be k(4). Let f = w + -87. Calculate the highest common factor of f and 160.
40
Let r be (-6)/(-12) + (-10)/(-4). Suppose 0 = -r*d - 5 - 22. Let v = d + 15. What is the greatest common divisor of v and 12?
6
Let t(s) = s**3 + 13*s**2 + 18*s - 8. Let r be t(-12). Let y be -4 - r/(3 + -1). What is the greatest common divisor of y and 9?
9
Suppose -4*v = 2*y + 2, 0*v = 4*y + 4*v - 8. Suppose y*r - 4*q = -5, 5*q + 4 - 29 = 0. Calculate the greatest common factor of 4 and r.
1
Let r be (-20)/(-12) - (-1)/3. Suppose 3*q + 5 = r*q. Let h be (14/q)/((-8)/280). Calculate the highest common divisor of 14 and h.
14
Let m(q) be the first derivative of -24*q**2 + 2*q + 2. Let s be m(-1). Suppose -i + s = i. Calculate the greatest common factor of i and 5.
5
Let p(o) be the second derivative of o**3 + o**3 + 2*o**3 - o - 3*o**3. Let l be p(3). Calculate the highest common factor of 2 and l.
2
Let d be 400 + 3*(1 - -1). Calculate the highest common divisor of d and 696.
58
Let d be 52/(-6)*3/(-2). Suppose 0 = -3*p - 3*n - 90, 3*n - 173 = 5*p - 23. Let s be (-5)/p + 154/12. What is the highest common factor of d and s?
13
Suppose -6*l - 50 = -20. Let h = 16 - 43. Let f = l - h. Calculate the greatest common divisor of f and 55.
11
Let r(k) = -2*k - 29. Let d be r(-16). Let l(y) = y - 7. Let t be l(9). Calculate the highest common factor of t and d.
1
Suppose -4*d - 75 = -9*d. Suppose 0 = -2*m - 0*m + 5*g - d, 0 = 4*m + g - 25. What is the greatest common divisor of m and 10?
5
Let q be (6/((-240)/850))/((-2)/48). Calculate the greatest common factor of 30 and q.
30
Let u(z) = 25*z + 87. Let i be u(9). What is the highest common divisor of 39 and i?
39
Let v be ((-2)/(-3))/(16/48). Suppose -17 = -v*u - 5. What is the highest common divisor of 6 and u?
6
Let b be 8/10 + 768/40. Suppose 6*g - b = 2*g. Suppose -g*o + 60 = -0*o. What is the greatest common factor of 8 and o?
4
Suppose 3*z - 24 = -3*n, 0 = 5*z + 11 - 31. Suppose n = -c + 13. Calculate the highest common factor of 3 and c.
3
Let h be 1/(-3) - ((-2368)/48 + 8). Calculate the highest common factor of h and 943.
41
Let x = 64 - 28. Let b = 3932 - 3928. What is the greatest common divisor of b and x?
4
Let p(c) = -19*c - 31. Let h be p(-5). What is the highest common divisor of h and 16?
16
Suppose -3*w = -2*a + 108, 256 = 3*a + 2*a - 4*w. Let o = 130 + -91. Suppose -7 + o = 2*c. What is the greatest common divisor of a and c?
16
Suppose 3*r - r - 125 = -3*s, 5*s - 15 = 0. Let u(k) = -k**3 - 42*k**2 - 43*k - 24. Let g be u(-41). What is the highest common divisor of g and r?
58
Let k(o) = 8*o - 6. Let d be k(-4). Let b = -24 - d. What is the highest common factor of 112 and b?
14
Suppose 2*v = 3*v + 2*f + 2, f = -v - 3. Let s(m) = 2*m + 26. Let i be s(v). What is the highest common factor of i and 18?
18
Suppose 14*v - 159 = 13*v. Calculate the greatest common factor of v and 53.
53
Let m be (((-24)/20)/(-1))/(3/1410). What is the greatest common factor of m and 4?
4
Let g(d) = 8*d**2 + 43*d + 3. Let p be g(-6). What is the greatest common factor of p and 33?
33
Suppose -199*c = -203*c + 32. Calculate the greatest common factor of 88 and c.
8
Let w be (-440)/(-70) + 2/(-7). Suppose -25 + 7 = -w*n. Let z(t) = t**3